2*t - 2872. Calculate b(-11).
10
Let h(a) = -15*a - 812. Give h(-56).
28
Let h(g) = -38*g + 25. Determine h(-5).
215
Let f(o) = -715*o - 29328. Give f(-41).
-13
Let d(x) = 2*x**3 + 49*x**2 - 70*x + 226. Determine d(-26).
18
Let z(r) = -r**3 - 21*r**2 - 103*r + 25. Determine z(-13).
12
Let b(y) = 41*y**3 + 286*y**2 - y - 4. Calculate b(-7).
-46
Let u(j) = -j**3 + 4*j**2 - 10*j + 10. Calculate u(3).
-11
Let d(y) = -3*y**3 + 5*y**2 - 22. What is d(5)?
-272
Let z(o) = 286*o - 9435. Give z(33).
3
Let h(o) = 3*o**3 - 227*o**2 - 77*o + 81. Determine h(76).
5
Let i(w) = -w**3 - 21*w**2 - 83*w + 133. Give i(-7).
28
Let i(n) = -52*n + 2207. Give i(44).
-81
Let r(c) = -3*c**2 + 15*c + 146. Give r(-5).
-4
Let m(o) = 345*o + 2405. Calculate m(-7).
-10
Let p(k) = 104*k + 931. Calculate p(-9).
-5
Let k(m) = m**3 - 21*m**2 - 49*m + 44. What is k(23)?
-25
Let i(v) = 8*v**3 - 138*v**2 + 35*v - 14. Determine i(17).
3
Let o(v) = -9389*v - 28173. What is o(-3)?
-6
Let s(n) = 2*n**2 + 280*n - 1817. Determine s(6).
-65
Let j(d) = -d**2 - 71*d + 3963. What is j(-108)?
-33
Let b(f) = -f**2 - f + 79. Determine b(8).
7
Let b(m) = -83*m + 103. What is b(1)?
20
Let r(z) = z**3 + 22*z**2 + 101*z + 55. Calculate r(-16).
-25
Let k(a) = -a**2 - 36*a - 36. Calculate k(-42).
-288
Let r(z) = 105*z - 859. Calculate r(9).
86
Let b(t) = 24*t**2 + 11*t + 8. What is b(-3)?
191
Let u(h) = 70*h**2 - 2099*h - 34. Determine u(30).
-4
Let z(t) = -t**2 - 45*t - 110. Give z(-3).
16
Let x(m) = 43*m - 4515. Calculate x(105).
0
Let d(r) = -2*r**3 + 18*r**2 + 16*r + 32. Calculate d(10).
-8
Let m(f) = -f**3 + 10*f**2 - 27*f - 11. Give m(4).
-23
Let w(y) = y**3 + 24*y**2 - 51*y - 34. Give w(-26).
-60
Let q(v) = -v**3 - 61*v**2 - 5*v - 282. Give q(-61).
23
Let v(k) = k**3 + 7*k**2 - 6*k + 10. Give v(-7).
52
Let l(d) = 3*d**3 + d**2 + 5*d + 5. What is l(-3)?
-82
Let o(h) = h**2 - 12*h + 13. Give o(10).
-7
Let x(i) = -i**2 - 728*i + 3666. What is x(5)?
1
Let n(v) = v**2 - 114*v - 225. Calculate n(-2).
7
Let j(h) = -h**2 - 109*h - 2707. Calculate j(-38).
-9
Let v(h) = -h**2 - 20*h - 64. What is v(-6)?
20
Let k(c) = c**3 + 91*c**2 + 90*c - 8. Determine k(-90).
-8
Let q(j) = -j**3 + 3*j**2 - 18*j + 113. Calculate q(7).
-209
Let p(g) = -g**3 + 32*g**2 - 112*g - 155. What is p(28)?
-155
Let l(n) = 4*n**2 - 87*n + 7. Calculate l(5).
-328
Let s(o) = -209*o + 410. What is s(2)?
-8
Let h(q) = -3*q**3 + 175*q**2 + 111*q + 419. Determine h(59).
6
Let s(t) = 1153*t - 20577. What is s(18)?
177
Let i(f) = -178*f**2 - 4634*f - 150. Give i(-26).
6
Let g(w) = -52*w**2 - 103*w + 4. Calculate g(-2).
2
Let y(x) = 168*x + 12080. What is y(-72)?
-16
Let n(o) = -11*o**2 - 139*o + 207. Calculate n(-14).
-3
Let m(q) = -q**3 - 117*q**2 + 238*q + 10. What is m(-119)?
10
Let j(u) = 13*u**2 + 16*u - 80. Determine j(2).
4
Let y(u) = 37*u + 404. Give y(-13).
-77
Let d(a) = -510*a - 93328. Calculate d(-183).
2
Let b(q) = -27*q**2 - 53*q + 52. Calculate b(1).
-28
Let j(r) = r**3 - 14*r**2 + 46*r - 6. Determine j(9).
3
Let d(x) = 163*x - 33415. Determine d(205).
0
Let p(f) = -f**3 + 69*f**2 - 76*f + 298. Give p(68).
-246
Let n(b) = 32946*b - 98830. What is n(3)?
8
Let r(m) = 3*m**3 + 14*m**2 - 11*m - 26. Determine r(-5).
4
Let u(s) = -13*s + 63. Give u(4).
11
Let t(c) = -2*c**3 + 350*c**2 + 342*c + 1761. Determine t(176).
1
Let a(i) = i**3 - 20*i**2 + 94*i + 23. What is a(12)?
-1
Let d(r) = -4*r**2 - 3*r + 7. Determine d(-5).
-78
Let d(z) = 4*z**2 + 138*z + 210. Determine d(-33).
12
Let z(l) = 7*l**2 + 21*l - 19. Give z(-4).
9
Let h(w) = 2*w**3 + 69*w**2 + 188*w - 906. Give h(-31).
-7
Let s(k) = 2*k**3 + 103*k**2 + 122*k + 9052. Calculate s(-52).
4
Let w(t) = -154*t**2 + 127*t + 4. What is w(1)?
-23
Let j(c) = 214*c + 8334. Determine j(-39).
-12
Let w(f) = -40*f - 2098. Calculate w(-56).
142
Let g(c) = 2*c**3 + 89*c**2 - 11*c - 1969. What is g(-44)?
451
Let u(n) = 2378*n + 7127. What is u(-3)?
-7
Let s(k) = -1540*k - 4410. Determine s(-3).
210
Let d(g) = 19*g - 566. Calculate d(29).
-15
Let w(c) = 8*c**2 + 50*c + 95. What is w(-2)?
27
Let x(n) = -31*n + 20. Determine x(-1).
51
Let d(f) = 221*f - 6634. Calculate d(30).
-4
Let h(w) = 5*w**2 - 21*w. What is h(3)?
-18
Let r(q) = -27*q - 414. Determine r(-18).
72
Let y(d) = -648*d - 1318. Calculate y(-2).
-22
Let t(y) = -6*y**2 + 58*y + 14. Give t(10).
-6
Let f(j) = 16*j - 496. Calculate f(23).
-128
Let b(z) = -39*z - 209. What is b(-9)?
142
Let p(q) = 10*q + 1007. Give p(-68).
327
Let i(a) = 598*a - 4159. Determine i(7).
27
Let n(k) = 125*k + 4004. What is n(-31)?
129
Let r(k) = 113*k + 653. Calculate r(-6).
-25
Let c(z) = -172*z + 1165. Determine c(7).
-39
Let d(q) = -7*q**2 - 147*q - 16. What is d(-21)?
-16
Let o(p) = -6*p + 93. Calculate o(21).
-33
Let q(c) = -c**3 + 4*c**2 + 21*c - 12. What is q(7)?
-12
Let a(k) = -k**3 - 3*k**2 + 7*k + 45. Determine a(-7).
192
Let b(c) = 41*c + 185. Determine b(-4).
21
Let k(q) = 34*q - 52. Determine k(2).
16
Let c(u) = 214*u - 3547. Give c(16).
-123
Let z(f) = -16*f - 203. Determine z(-15).
37
Let b(f) = f**3 + 5*f**2 - 174*f + 484. Determine b(3).
34
Let q(f) = -f**3 - 7*f**2 + 11*f - 30. Determine q(-7).
-107
Let f(d) = d**3 - 3*d**2 + 3*d + 338. Calculate f(0).
338
Let y(k) = 314*k - 154. What is y(1)?
160
Let t(w) = -w**3 + 2*w**2 + 11. Give t(3).
2
Let j(t) = 9*t + 496. What is j(-53)?
19
Let y(v) = 45*v - 6. What is y(0)?
-6
Let m(g) = 257*g - 32. Give m(-1).
-289
Let r(g) = 197*g + 3473. Determine r(-17).
124
Let s(z) = -5*z**2 + 153*z - 641. Determine s(5).
-1
Let l(i) = 2*i**2 - 119*i - 179. Give l(61).
4
Let t(z) = -z**2 + 77*z - 937. Determine t(60).
83
Let k(o) = 28*o**2 - 168*o - 7. Calculate k(6).
-7
Let p(l) = -l**2 - 69*l - 461. Calculate p(-9).
79
Let u(f) = -11*f**2 + 166*f - 2. Give u(15).
13
Let z(k) = -2*k**3 - 9*k**2 - 4*k + 13. Calculate z(0).
13
Let b(r) = -6*r**2 + 47*r - 39. Give b(1).
2
Let k(y) = -2*y**3 + 14*y**2 - 8*y - 21. Determine k(6).
3
Let b(h) = -6*h**2 + 118*h - 519. What is b(13)?
1
Let j(q) = -2*q**3 + 75*q**2 + 191*q + 388. Calculate j(40).
28
Let x(g) = 17*g - 366. Calculate x(15).
-111
Let t(n) = -n**2 - 57*n - 659. Calculate t(-40).
21
Let d(h) = -h**3 + 3*h**2 + 20*h - 36. Calculate d(2).
8
Let m(p) = -p**3 - 3*p**2 - 2*p - 21. Calculate m(-5).
39
Let j(m) = -32*m**2 + 1117*m + 113. Determine j(35).
8
Let m(s) = -s**3 - 25*s**2 + 9*s + 217. What is m(-25)?
-8
Let x(b) = -11*b**3 + 25*b**2 - 52*b + 3. Calculate x(2).
-89
Let f(w) = 43*w + 683. Determine f(-17).
-48
Let b(z) = 57*z**2 + 35*z - 103. Give b(3).
515
Let k(m) = 2*m - 158. What is k(82)?
6
Let j(z) = -2*z**3 + 40*z**2 + 95*z - 167. Determine j(22).
-13
Let t(n) = 125*n - 994. What is t(8)?
6
Let t(k) = 2*k**2 + 92*k + 717. Calculate t(-36).
-3
Let q(x) = -3*x**3 + 80*x**2 + 15*x + 432. Give q(27).
108
Let y(z) = -z**2 + 682*z + 2755. Give y(-4).
11
Let t(j) = j**3 - 5*j**2 + 7*j - 13. Determine t(6).
65
Let l(b) = b + 18. Calculate l(-27).
-9
Let c(i) = -i**3 - 9*i**2 + 8*i - 34. Determine c(-10).
-14
Let w(v) = -8*v**3 - 185*v**2 - 24*v - 20. Determine w(-23).
3
Let z(m) = -13*m**2 + 309*m + 398. What is z(25)?
-2
Let r(i) = -5*i**3 + 123*i**2 - 69*i - 66. Give r(24).
6
Let f(a) = 425*a - 1570. Give f(3).
-295
Let y(z) = z**2 - 20*z - 464. Give y(-14).
12
Let x(t) = -t**3 - 13*t**2 + 437*t + 6253. Give x(-16).
29
Let z(h) = -119*h + 8. Determine z(-1).
127
Let f(t) = -39*t - 318. Calculate f(-9).
33
Let o(f) = 37*f - 1524. Determine o(41).
-7
Let f(l) = l**3 + 13*l**2 - 132. Give f(-9).
192
Let m(j) = 2*j**3 - 5*j**2 - 135*j + 147. What is m(9)?
-15
Let i(p) = 1207*p - 7166. Determine i(6).
76
Let l(r) = r**2 + 32*r - 173. Determine l(-37).
12
Let k(j) = -j**2 - 114*j + 467. Determine k(4).
-5
Let q(c) = -14*c**2 + 9*c + 9. What is q(4)?
-179
Let c(p) = -3*p + 47. Determine c(5).
32
Let v(z) = -9119*z + 45598. Calculate v(5).
3
Let g(t) = 274*t + 5849. Calculate g(-21).
95
Let a(j) = -j**3 + 185*j**2 + 1746*j - 8. What is a(-9)?
-8
Let f(n) = n**3 + 3*n**2 - 126*n - 253. What is f(-2)?
3
Let i(r) = -279*r - 71. Give i(0).
-71
Let m(a) = -a**3 - 26*a + 143. Determine m(0).
143
Let p(c) = 501*c + 15507. Give p(-31).
-24
Let l(b) = -b**3 - 12*b**2 - 33*b - 29. Calculate l(-8).
-21
Let y(n) = -n**3 - 80*n**2 - 639*n + 11. What is y(-71)?
11
